{"id":22,"date":"2024-05-23T21:00:30","date_gmt":"2024-05-23T19:00:30","guid":{"rendered":"https:\/\/www.saaterapie.eu\/?page_id=22"},"modified":"2025-12-27T21:50:59","modified_gmt":"2025-12-27T20:50:59","slug":"saa","status":"publish","type":"page","link":"https:\/\/www.saaterapie.eu\/","title":{"rendered":"SAA"},"content":{"rendered":"\t\t<div data-elementor-type=\"wp-page\" data-elementor-id=\"22\" class=\"elementor elementor-22\">\n\t\t\t\t<div class=\"elementor-element elementor-element-83e5fde e-flex e-con-boxed e-con e-parent\" data-id=\"83e5fde\" data-element_type=\"container\">\n\t\t\t\t\t<div class=\"e-con-inner\">\n\t\t\t\t<div class=\"elementor-element elementor-element-67e19a1 elementor-widget elementor-widget-heading\" data-id=\"67e19a1\" data-element_type=\"widget\" data-widget_type=\"heading.default\">\n\t\t\t\t<div class=\"elementor-widget-container\">\n\t\t\t<h2 class=\"elementor-heading-title elementor-size-default\">Slovensk\u00e1 Asoci\u00e1cia Animoterapie <\/h2>\t\t<\/div>\n\t\t\t\t<\/div>\n\t\t\t\t\t<\/div>\n\t\t\t\t<\/div>\n\t\t<div class=\"elementor-element elementor-element-2e54300 e-flex e-con-boxed e-con e-parent\" data-id=\"2e54300\" data-element_type=\"container\">\n\t\t\t\t\t<div class=\"e-con-inner\">\n\t\t\t\t<div class=\"elementor-element elementor-element-0c1befc elementor-widget elementor-widget-text-editor\" data-id=\"0c1befc\" data-element_type=\"widget\" data-widget_type=\"text-editor.default\">\n\t\t\t\t<div class=\"elementor-widget-container\">\n\t\t\t\t\t\t\t<p style=\"border: 0px solid #e3e3e3; --tw-border-spacing-x: 0; --tw-border-spacing-y: 0; --tw-translate-x: 0; --tw-translate-y: 0; --tw-rotate: 0; --tw-skew-x: 0; --tw-skew-y: 0; --tw-scale-x: 1; --tw-scale-y: 1; --tw-scroll-snap-strictness: proximity; --tw-ring-offset-width: 0px; --tw-ring-offset-color: #fff; --tw-ring-color: rgba(69,89,164,.5); --tw-ring-offset-shadow: 0 0 transparent; --tw-ring-shadow: 0 0 transparent; --tw-shadow: 0 0 transparent; --tw-shadow-colored: 0 0 transparent; margin: 1.25em 0px; color: #0d0d0d; font-family: ui-sans-serif, -apple-system, system-ui, 'Segoe UI', Roboto, Ubuntu, Cantarell, 'Noto Sans', sans-serif, Helvetica, 'Apple Color Emoji', Arial, 'Segoe UI Emoji', 'Segoe UI Symbol'; font-size: 16px; white-space-collapse: preserve;\">SAA vznikla s jasn\u00fdm cie\u013eom \u2013 podpori\u0165 a rozv\u00edja\u0165 animoterapiu na Slovensku ako \u00fa\u010dinn\u00fd prostriedok zdravotnej a soci\u00e1lnej lie\u010debnej met\u00f3dy pre osoby so zdravotn\u00fdm postihnut\u00edm. Na\u0161a asoci\u00e1cia sa zameriava na integr\u00e1ciu zvierat do terapeutick\u00fdch procesov, \u010d\u00edm prispievame k zlep\u0161eniu fyzickej a psychickej pohody jednotlivcov v\u0161etk\u00fdch vekov\u00fdch kateg\u00f3ri\u00ed.<\/p>\n<p style=\"border: 0px solid #e3e3e3; --tw-border-spacing-x: 0; --tw-border-spacing-y: 0; --tw-translate-x: 0; --tw-translate-y: 0; --tw-rotate: 0; --tw-skew-x: 0; --tw-skew-y: 0; --tw-scale-x: 1; --tw-scale-y: 1; --tw-scroll-snap-strictness: proximity; --tw-ring-offset-width: 0px; --tw-ring-offset-color: #fff; --tw-ring-color: rgba(69,89,164,.5); --tw-ring-offset-shadow: 0 0 transparent; --tw-ring-shadow: 0 0 transparent; --tw-shadow: 0 0 transparent; --tw-shadow-colored: 0 0 transparent; margin: 1.25em 0px; color: #0d0d0d; font-family: ui-sans-serif, -apple-system, system-ui, 'Segoe UI', Roboto, Ubuntu, Cantarell, 'Noto Sans', sans-serif, Helvetica, 'Apple Color Emoji', Arial, 'Segoe UI Emoji', 'Segoe UI Symbol'; font-size: 16px; white-space-collapse: preserve;\">Podpora a rozvoj animoterapie s\u00fa pre n\u00e1s k\u013e\u00fa\u010dov\u00e9. Prostredn\u00edctvom vzdel\u00e1vania odborn\u00edkov a \u0161irokej verejnosti, organizovania semin\u00e1rov, kurzov, workshopov a konferenci\u00ed prispievame k zlep\u0161ovaniu kvality animoterapeutick\u00fdch postupov. Na\u0161a pr\u00e1ca je zameran\u00e1 na v\u00fdmenu sk\u00fasenost\u00ed, \u0161\u00edrenie osved\u010den\u00fdch postupov a inov\u00e1ci\u00ed v oblasti animoterapie.<\/p>\n<p style=\"border: 0px solid #e3e3e3; --tw-border-spacing-x: 0; --tw-border-spacing-y: 0; --tw-translate-x: 0; --tw-translate-y: 0; --tw-rotate: 0; --tw-skew-x: 0; --tw-skew-y: 0; --tw-scale-x: 1; --tw-scale-y: 1; --tw-scroll-snap-strictness: proximity; --tw-ring-offset-width: 0px; --tw-ring-offset-color: #fff; --tw-ring-color: rgba(69,89,164,.5); --tw-ring-offset-shadow: 0 0 transparent; --tw-ring-shadow: 0 0 transparent; --tw-shadow: 0 0 transparent; --tw-shadow-colored: 0 0 transparent; margin: 1.25em 0px; color: #0d0d0d; font-family: ui-sans-serif, -apple-system, system-ui, 'Segoe UI', Roboto, Ubuntu, Cantarell, 'Noto Sans', sans-serif, Helvetica, 'Apple Color Emoji', Arial, 'Segoe UI Emoji', 'Segoe UI Symbol'; font-size: 16px; white-space-collapse: preserve;\">Sna\u017e\u00edme sa vytv\u00e1ra\u0165 a podporova\u0165 programy, ktor\u00e9 umo\u017e\u0148uj\u00fa \u013eu\u010fom so zdravotn\u00fdm znev\u00fdhodnen\u00edm z\u00edska\u0165 \u013eah\u0161\u00ed pr\u00edstup k animoterapii. Na\u0161e aktivity zahr\u0148uj\u00fa aj spolupr\u00e1cu s in\u00fdmi organiz\u00e1ciami, ktor\u00e9 sa venuj\u00fa pomoci a podpore zdravotne postihnut\u00fdch, \u010d\u00edm zvy\u0161ujeme dostupnos\u0165 a efektivitu tejto unik\u00e1tnej terapeutickej met\u00f3dy. Z\u00e1rove\u0148 akt\u00edvne pracujeme na z\u00edskavan\u00ed finan\u010dn\u00fdch prostriedkov prostredn\u00edctvom grantov, sponzorstiev a darcovsk\u00fdch kampan\u00ed, aby sme zabezpe\u010dili, \u017ee animoterapeutick\u00e9 slu\u017eby bud\u00fa dostupn\u00e9 pre \u010do najv\u00e4\u010d\u0161\u00ed po\u010det \u013eud\u00ed.<\/p>\n<p style=\"border: 0px solid #e3e3e3; --tw-border-spacing-x: 0; --tw-border-spacing-y: 0; --tw-translate-x: 0; --tw-translate-y: 0; --tw-rotate: 0; --tw-skew-x: 0; --tw-skew-y: 0; --tw-scale-x: 1; --tw-scale-y: 1; --tw-scroll-snap-strictness: proximity; --tw-ring-offset-width: 0px; --tw-ring-offset-color: #fff; --tw-ring-color: rgba(69,89,164,.5); --tw-ring-offset-shadow: 0 0 transparent; --tw-ring-shadow: 0 0 transparent; --tw-shadow: 0 0 transparent; --tw-shadow-colored: 0 0 transparent; margin: 1.25em 0px; color: #0d0d0d; font-family: ui-sans-serif, -apple-system, system-ui, 'Segoe UI', Roboto, Ubuntu, Cantarell, 'Noto Sans', sans-serif, Helvetica, 'Apple Color Emoji', Arial, 'Segoe UI Emoji', 'Segoe UI Symbol'; font-size: 16px; white-space-collapse: preserve;\">Ver\u00edme, \u017ee spojen\u00edm s\u00edl m\u00f4\u017eeme dosiahnu\u0165 v\u00fdznamn\u00e9 pokroky v zlep\u0161ovan\u00ed kvality \u017eivota \u013eud\u00ed, ktor\u00ed t\u00fato pomoc <span style=\"font-weight: var( --e-global-typography-text-font-weight ); text-align: var(--text-align);\">potrebuj\u00fa <\/span><span style=\"font-weight: var( --e-global-typography-text-font-weight ); text-align: var(--text-align);\">.<\/span><\/p>\t\t\t\t\t\t<\/div>\n\t\t\t\t<\/div>\n\t\t\t\t\t<\/div>\n\t\t\t\t<\/div>\n\t\t\t\t<\/div>\n\t\t","protected":false},"excerpt":{"rendered":"<p>Slovensk\u00e1 Asoci\u00e1cia Animoterapie SAA vznikla s jasn\u00fdm cie\u013eom \u2013 podpori\u0165 a rozv\u00edja\u0165 animoterapiu na Slovensku ako \u00fa\u010dinn\u00fd prostriedok zdravotnej a soci\u00e1lnej lie\u010debnej met\u00f3dy pre osoby so zdravotn\u00fdm postihnut\u00edm. Na\u0161a asoci\u00e1cia sa zameriava na integr\u00e1ciu zvierat do terapeutick\u00fdch procesov, \u010d\u00edm prispievame k zlep\u0161eniu fyzickej a psychickej pohody jednotlivcov v\u0161etk\u00fdch vekov\u00fdch kateg\u00f3ri\u00ed. Podpora a rozvoj animoterapie s\u00fa &hellip; <\/p>\n","protected":false},"author":2,"featured_media":0,"parent":0,"menu_order":0,"comment_status":"closed","ping_status":"closed","template":"","meta":{"footnotes":""},"class_list":["post-22","page","type-page","status-publish","hentry"],"_links":{"self":[{"href":"https:\/\/www.saaterapie.eu\/index.php\/wp-json\/wp\/v2\/pages\/22","targetHints":{"allow":["GET"]}}],"collection":[{"href":"https:\/\/www.saaterapie.eu\/index.php\/wp-json\/wp\/v2\/pages"}],"about":[{"href":"https:\/\/www.saaterapie.eu\/index.php\/wp-json\/wp\/v2\/types\/page"}],"author":[{"embeddable":true,"href":"https:\/\/www.saaterapie.eu\/index.php\/wp-json\/wp\/v2\/users\/2"}],"replies":[{"embeddable":true,"href":"https:\/\/www.saaterapie.eu\/index.php\/wp-json\/wp\/v2\/comments?post=22"}],"version-history":[{"count":8,"href":"https:\/\/www.saaterapie.eu\/index.php\/wp-json\/wp\/v2\/pages\/22\/revisions"}],"predecessor-version":[{"id":476,"href":"https:\/\/www.saaterapie.eu\/index.php\/wp-json\/wp\/v2\/pages\/22\/revisions\/476"}],"wp:attachment":[{"href":"https:\/\/www.saaterapie.eu\/index.php\/wp-json\/wp\/v2\/media?parent=22"}],"curies":[{"name":"wp","href":"https:\/\/api.w.org\/{rel}","templated":true}]}}