{"id":419,"date":"2025-12-27T20:42:44","date_gmt":"2025-12-27T19:42:44","guid":{"rendered":"https:\/\/www.saaterapie.eu\/?page_id=419"},"modified":"2025-12-27T20:48:58","modified_gmt":"2025-12-27T19:48:58","slug":"podmienky-odporucania-stredisk","status":"publish","type":"page","link":"https:\/\/www.saaterapie.eu\/index.php\/podmienky-odporucania-stredisk\/","title":{"rendered":"Podmienky odpor\u00fa\u010dania stred\u00edsk"},"content":{"rendered":"\t\t<div data-elementor-type=\"wp-page\" data-elementor-id=\"419\" class=\"elementor elementor-419\">\n\t\t\t\t<div class=\"elementor-element elementor-element-240c861 e-flex e-con-boxed e-con e-parent\" data-id=\"240c861\" data-element_type=\"container\">\n\t\t\t\t\t<div class=\"e-con-inner\">\n\t\t\t\t<div class=\"elementor-element elementor-element-a3e7e0d elementor-widget elementor-widget-text-editor\" data-id=\"a3e7e0d\" data-element_type=\"widget\" data-widget_type=\"text-editor.default\">\n\t\t\t\t<div class=\"elementor-widget-container\">\n\t\t\t\t\t\t\t<h2 data-start=\"1118\" data-end=\"1172\">Krit\u00e9ri\u00e1 pre zaradenie medzi odpor\u00fa\u010dan\u00e9 stredisk\u00e1<\/h2><p data-start=\"1173\" data-end=\"1206\">Slovenskej asoci\u00e1cie animoterapie<\/p><p data-start=\"1208\" data-end=\"1449\">Slovensk\u00e1 asoci\u00e1cia animoterapie odpor\u00fa\u010da iba stredisk\u00e1, ktor\u00e9 poskytuj\u00fa animoterapie v s\u00falade s odborn\u00fdmi, etick\u00fdmi a bezpe\u010dnostn\u00fdmi \u0161tandardmi. Cie\u013eom odpor\u00fa\u010dania je podpora kvality slu\u017eieb, ochrana klientov a zabezpe\u010denie welfare zvierat.<\/p><h3 data-start=\"1451\" data-end=\"1477\">1. Odborn\u00e1 sp\u00f4sobilos\u0165<\/h3><p data-start=\"1478\" data-end=\"1503\">Stredisko mus\u00ed preuk\u00e1za\u0165:<\/p><ul data-start=\"1504\" data-end=\"1666\"><li data-start=\"1504\" data-end=\"1560\"><p data-start=\"1506\" data-end=\"1560\">odborn\u00fa kvalifik\u00e1ciu os\u00f4b a zvierat vykon\u00e1vaj\u00facich animoterapiu,<\/p><\/li><li data-start=\"1561\" data-end=\"1612\"><p data-start=\"1563\" data-end=\"1612\">absolvovanie relevantn\u00e9ho vzdelania alebo kurzov,<\/p><\/li><li data-start=\"1613\" data-end=\"1666\"><p data-start=\"1615\" data-end=\"1666\">priebe\u017en\u00e9 odborn\u00e9 vzdel\u00e1vanie a rozvoj kompetenci\u00ed.<\/p><\/li><\/ul><h3 data-start=\"1668\" data-end=\"1708\">2. Etick\u00e9 princ\u00edpy a welfare zvierat<\/h3><p data-start=\"1709\" data-end=\"1731\">Stredisko sa zav\u00e4zuje:<\/p><ul data-start=\"1732\" data-end=\"1966\"><li data-start=\"1732\" data-end=\"1782\"><p data-start=\"1734\" data-end=\"1782\">re\u0161pektova\u0165 fyzick\u00e9 a psychick\u00e9 potreby zvierat,<\/p><\/li><li data-start=\"1783\" data-end=\"1846\"><p data-start=\"1785\" data-end=\"1846\">zabezpe\u010di\u0165 primeran\u00fa z\u00e1\u0165a\u017e, oddych a zdravotn\u00fa starostlivos\u0165,<\/p><\/li><li data-start=\"1847\" data-end=\"1887\"><p data-start=\"1849\" data-end=\"1887\">pou\u017e\u00edva\u0165 v\u00fdhradne etick\u00e9 met\u00f3dy pr\u00e1ce,<\/p><\/li><li data-start=\"1888\" data-end=\"1966\"><p data-start=\"1890\" data-end=\"1966\">vyradi\u0165 zviera z terapie v pr\u00edpade zdravotn\u00fdch alebo behavior\u00e1lnych d\u00f4vodov.<\/p><\/li><\/ul><h3 data-start=\"1968\" data-end=\"1994\">3. Bezpe\u010dnos\u0165 klientov<\/h3><p data-start=\"1995\" data-end=\"2005\">Stredisko:<\/p><ul data-start=\"2006\" data-end=\"2204\"><li data-start=\"2006\" data-end=\"2052\"><p data-start=\"2008\" data-end=\"2052\">dodr\u017eiava z\u00e1sady bezpe\u010dnej pr\u00e1ce s klientmi,<\/p><\/li><li data-start=\"2053\" data-end=\"2102\"><p data-start=\"2055\" data-end=\"2102\">m\u00e1 vypracovan\u00e9 postupy pre mimoriadne situ\u00e1cie,<\/p><\/li><li data-start=\"2103\" data-end=\"2158\"><p data-start=\"2105\" data-end=\"2158\">zabezpe\u010duje vhodn\u00e9 a bezpe\u010dn\u00e9 prostredie pre terapiu,<\/p><\/li><li data-start=\"2159\" data-end=\"2204\"><p data-start=\"2161\" data-end=\"2204\">pracuje v s\u00falade s platnou legislat\u00edvou SR.<\/p><\/li><\/ul><h3 data-start=\"2206\" data-end=\"2240\">4. Odborn\u00e9 a metodick\u00e9 postupy<\/h3><p data-start=\"2241\" data-end=\"2251\">Stredisko:<\/p><ul data-start=\"2252\" data-end=\"2464\"><li data-start=\"2252\" data-end=\"2313\"><p data-start=\"2254\" data-end=\"2313\">vykon\u00e1va animoterapiu na z\u00e1klade jasne definovan\u00fdch cie\u013eov,<\/p><\/li><li data-start=\"2314\" data-end=\"2357\"><p data-start=\"2316\" data-end=\"2357\">re\u0161pektuje individu\u00e1lne potreby klientov,<\/p><\/li><li data-start=\"2358\" data-end=\"2417\"><p data-start=\"2360\" data-end=\"2417\">rozli\u0161uje medzi animoterapiou a vo\u013eno\u010dasov\u00fdmi aktivitami,<\/p><\/li><li data-start=\"2418\" data-end=\"2464\"><p data-start=\"2420\" data-end=\"2464\">vyu\u017e\u00edva metodicky spr\u00e1vne a overen\u00e9 postupy.<\/p><\/li><\/ul><h3 data-start=\"2466\" data-end=\"2514\">5. Transparentnos\u0165 a spolupr\u00e1ca s asoci\u00e1ciou<\/h3><p data-start=\"2515\" data-end=\"2525\">Stredisko:<\/p><ul data-start=\"2526\" data-end=\"2725\"><li data-start=\"2526\" data-end=\"2576\"><p data-start=\"2528\" data-end=\"2576\">poskytuje z\u00e1kladn\u00e9 inform\u00e1cie o svojej \u010dinnosti,<\/p><\/li><li data-start=\"2577\" data-end=\"2632\"><p data-start=\"2579\" data-end=\"2632\">s\u00fahlas\u00ed so zverejnen\u00edm z\u00e1kladn\u00fdch \u00fadajov o stredisku,<\/p><\/li><li data-start=\"2633\" data-end=\"2688\"><p data-start=\"2635\" data-end=\"2688\">spolupracuje s asoci\u00e1ciou pri dodr\u017eiavan\u00ed \u0161tandardov,<\/p><\/li><li data-start=\"2689\" data-end=\"2725\"><p data-start=\"2691\" data-end=\"2725\">re\u0161pektuje Etick\u00fd k\u00f3dex asoci\u00e1cie.<\/p><\/li><\/ul><h3 data-start=\"2727\" data-end=\"2764\">6. Ochrana osobn\u00fdch \u00fadajov (GDPR)<\/h3><p data-start=\"2765\" data-end=\"2775\">Stredisko:<\/p><ul data-start=\"2776\" data-end=\"2938\"><li data-start=\"2776\" data-end=\"2821\"><p data-start=\"2778\" data-end=\"2821\">dodr\u017eiava pravidl\u00e1 ochrany osobn\u00fdch \u00fadajov,<\/p><\/li><li data-start=\"2822\" data-end=\"2872\"><p data-start=\"2824\" data-end=\"2872\">nezverej\u0148uje citliv\u00e9 \u00fadaje klientov bez s\u00fahlasu,<\/p><\/li><li data-start=\"2873\" data-end=\"2938\"><p data-start=\"2875\" data-end=\"2938\">pracuje s fotografick\u00fdm a medi\u00e1lnym materi\u00e1lom v s\u00falade s GDPR.<\/p><\/li><\/ul><h3 data-start=\"2940\" data-end=\"2963\">7. Proces zaradenia<\/h3><ul data-start=\"2964\" data-end=\"3143\"><li data-start=\"2964\" data-end=\"3017\"><p data-start=\"2966\" data-end=\"3017\">Zaradenie medzi odpor\u00fa\u010dan\u00e9 stredisk\u00e1 je dobrovo\u013en\u00e9.<\/p><\/li><li data-start=\"3018\" data-end=\"3067\"><p data-start=\"3020\" data-end=\"3067\">O zaraden\u00ed rozhoduje pr\u00edslu\u0161n\u00fd org\u00e1n asoci\u00e1cie.<\/p><\/li><li data-start=\"3068\" data-end=\"3143\"><p data-start=\"3070\" data-end=\"3143\">Asoci\u00e1cia si vyhradzuje pr\u00e1vo odpor\u00fa\u010danie udeli\u0165, pozastavi\u0165 alebo od\u0148a\u0165.<\/p><\/li><li data-start=\"3068\" data-end=\"3143\"><h3 data-start=\"3280\" data-end=\"3327\">M\u00e1te z\u00e1ujem sta\u0165 sa odpor\u00fa\u010dan\u00fdm strediskom?<\/h3><p data-start=\"3070\" data-end=\"3143\">\u00a0<\/p><p data-start=\"3328\" data-end=\"3495\">Ak va\u0161e zariadenie poskytuje animoterapiu a sp\u013a\u0148a odborn\u00e9 a etick\u00e9 \u0161tandardy, m\u00f4\u017eete po\u017eiada\u0165 o zaradenie medzi odpor\u00fa\u010dan\u00e9 stredisk\u00e1 Slovenskej asoci\u00e1cie animoterapie.<\/p><\/li><li data-start=\"3068\" data-end=\"3143\"><p data-start=\"3328\" data-end=\"3495\"><strong data-start=\"3500\" data-end=\"3561\">Kontaktujte n\u00e1s prostredn\u00edctvom:<\/strong><\/p><\/li><li data-start=\"3068\" data-end=\"3143\"><p data-start=\"3328\" data-end=\"3495\"><strong data-start=\"3500\" data-end=\"3561\">\u00a0e-mailu : info@saaterapie.eu<\/strong><\/p><\/li><li data-start=\"3068\" data-end=\"3143\"><p data-start=\"3328\" data-end=\"3495\"><strong data-start=\"3500\" data-end=\"3561\">telefonicky : +421 910 126 682<\/strong><\/p><\/li><\/ul>\t\t\t\t\t\t<\/div>\n\t\t\t\t<\/div>\n\t\t\t\t\t<\/div>\n\t\t\t\t<\/div>\n\t\t\t\t<\/div>\n\t\t","protected":false},"excerpt":{"rendered":"<p>Krit\u00e9ri\u00e1 pre zaradenie medzi odpor\u00fa\u010dan\u00e9 stredisk\u00e1 Slovenskej asoci\u00e1cie animoterapie Slovensk\u00e1 asoci\u00e1cia animoterapie odpor\u00fa\u010da iba stredisk\u00e1, ktor\u00e9 poskytuj\u00fa animoterapie v s\u00falade s odborn\u00fdmi, etick\u00fdmi a bezpe\u010dnostn\u00fdmi \u0161tandardmi. Cie\u013eom odpor\u00fa\u010dania je podpora kvality slu\u017eieb, ochrana klientov a zabezpe\u010denie welfare zvierat. 1. Odborn\u00e1 sp\u00f4sobilos\u0165 Stredisko mus\u00ed preuk\u00e1za\u0165: odborn\u00fa kvalifik\u00e1ciu os\u00f4b a zvierat vykon\u00e1vaj\u00facich animoterapiu, absolvovanie relevantn\u00e9ho vzdelania alebo &hellip; <\/p>\n","protected":false},"author":2,"featured_media":0,"parent":0,"menu_order":0,"comment_status":"closed","ping_status":"closed","template":"","meta":{"footnotes":""},"class_list":["post-419","page","type-page","status-publish","hentry"],"_links":{"self":[{"href":"https:\/\/www.saaterapie.eu\/index.php\/wp-json\/wp\/v2\/pages\/419","targetHints":{"allow":["GET"]}}],"collection":[{"href":"https:\/\/www.saaterapie.eu\/index.php\/wp-json\/wp\/v2\/pages"}],"about":[{"href":"https:\/\/www.saaterapie.eu\/index.php\/wp-json\/wp\/v2\/types\/page"}],"author":[{"embeddable":true,"href":"https:\/\/www.saaterapie.eu\/index.php\/wp-json\/wp\/v2\/users\/2"}],"replies":[{"embeddable":true,"href":"https:\/\/www.saaterapie.eu\/index.php\/wp-json\/wp\/v2\/comments?post=419"}],"version-history":[{"count":7,"href":"https:\/\/www.saaterapie.eu\/index.php\/wp-json\/wp\/v2\/pages\/419\/revisions"}],"predecessor-version":[{"id":430,"href":"https:\/\/www.saaterapie.eu\/index.php\/wp-json\/wp\/v2\/pages\/419\/revisions\/430"}],"wp:attachment":[{"href":"https:\/\/www.saaterapie.eu\/index.php\/wp-json\/wp\/v2\/media?parent=419"}],"curies":[{"name":"wp","href":"https:\/\/api.w.org\/{rel}","templated":true}]}}