{"id":433,"date":"2025-12-27T21:09:33","date_gmt":"2025-12-27T20:09:33","guid":{"rendered":"https:\/\/www.saaterapie.eu\/?page_id=433"},"modified":"2025-12-27T21:18:45","modified_gmt":"2025-12-27T20:18:45","slug":"hipoterapeuticke-centra","status":"publish","type":"page","link":"https:\/\/www.saaterapie.eu\/index.php\/hipoterapeuticke-centra\/","title":{"rendered":"Hipoterapeutick\u00e9 centr\u00e1"},"content":{"rendered":"\t\t<div data-elementor-type=\"wp-page\" data-elementor-id=\"433\" class=\"elementor elementor-433\">\n\t\t\t\t<div class=\"elementor-element elementor-element-1bdb1f0 e-flex e-con-boxed e-con e-parent\" data-id=\"1bdb1f0\" data-element_type=\"container\">\n\t\t\t\t\t<div class=\"e-con-inner\">\n\t\t<div class=\"elementor-element elementor-element-bc63236 e-con-full e-flex e-con e-child\" data-id=\"bc63236\" data-element_type=\"container\">\n\t\t\t\t<div class=\"elementor-element elementor-element-53d0ae6 elementor-position-top elementor-widget elementor-widget-image-box\" data-id=\"53d0ae6\" data-element_type=\"widget\" data-widget_type=\"image-box.default\">\n\t\t\t\t<div class=\"elementor-widget-container\">\n\t\t\t<div class=\"elementor-image-box-wrapper\"><figure class=\"elementor-image-box-img\"><a href=\"https:\/\/www.bwhorseoz.eu\/\" tabindex=\"-1\"><img fetchpriority=\"high\" decoding=\"async\" width=\"745\" height=\"395\" src=\"https:\/\/www.saaterapie.eu\/wp-content\/uploads\/2025\/12\/black_white_horse_oz1.jpg\" class=\"attachment-full size-full wp-image-435\" alt=\"\" srcset=\"https:\/\/www.saaterapie.eu\/wp-content\/uploads\/2025\/12\/black_white_horse_oz1.jpg 745w, https:\/\/www.saaterapie.eu\/wp-content\/uploads\/2025\/12\/black_white_horse_oz1-300x159.jpg 300w, https:\/\/www.saaterapie.eu\/wp-content\/uploads\/2025\/12\/black_white_horse_oz1-113x60.jpg 113w\" sizes=\"(max-width: 745px) 100vw, 745px\" \/><\/a><\/figure><div class=\"elementor-image-box-content\"><h3 class=\"elementor-image-box-title\"><a href=\"https:\/\/www.bwhorseoz.eu\/\">Black white horse, o.z. <\/a><\/h3><p class=\"elementor-image-box-description\">Okres Dunajsk\u00e1 streda - Black White Horse, o.z. je odpor\u00fa\u010dan\u00e9 stredisko hipoterapie, ktor\u00e9 p\u00f4sob\u00ed od roku 2015 a poskytuje komplexn\u00fa podporu de\u0165om so zdravotn\u00fdm znev\u00fdhodnen\u00edm. Na\u0161e terapie s\u00fa zameran\u00e9 na fyzioterapiu, soci\u00e1lnu pr\u00e1cu a psychologick\u00fa podporu. V centre p\u00f4sob\u00ed odborn\u00fd t\u00edm tr\u00e9nerov, pedag\u00f3gov, fyzioterapeutov, soci\u00e1lnych pracovn\u00edkov ,zdravotn\u00fdch z\u00e1chran\u00e1rov. Centrum m\u00e1 priestory pre hipoterapiu, canisterapiu, soci\u00e1lnu terapiu a rehabilit\u00e1ciu. <\/p><\/div><\/div>\t\t<\/div>\n\t\t\t\t<\/div>\n\t\t\t\t<\/div>\n\t\t<div class=\"elementor-element elementor-element-9f00be7 e-con-full e-flex e-con e-child\" data-id=\"9f00be7\" data-element_type=\"container\">\n\t\t\t\t<div class=\"elementor-element elementor-element-5c86e38 elementor-position-top elementor-widget elementor-widget-image-box\" data-id=\"5c86e38\" data-element_type=\"widget\" data-widget_type=\"image-box.default\">\n\t\t\t\t<div class=\"elementor-widget-container\">\n\t\t\t<div class=\"elementor-image-box-wrapper\"><figure class=\"elementor-image-box-img\"><img decoding=\"async\" src=\"https:\/\/www.saaterapie.eu\/wp-content\/plugins\/elementor\/assets\/images\/placeholder.png\" title=\"\" alt=\"\" loading=\"lazy\" \/><\/figure><\/div>\t\t<\/div>\n\t\t\t\t<\/div>\n\t\t\t\t<\/div>\n\t\t\t\t\t<\/div>\n\t\t\t\t<\/div>\n\t\t\t\t<\/div>\n\t\t","protected":false},"excerpt":{"rendered":"<p>Black white horse, o.z. Okres Dunajsk\u00e1 streda &#8211; Black White Horse, o.z. je odpor\u00fa\u010dan\u00e9 stredisko hipoterapie, ktor\u00e9 p\u00f4sob\u00ed od roku 2015 a poskytuje komplexn\u00fa podporu de\u0165om so zdravotn\u00fdm znev\u00fdhodnen\u00edm. Na\u0161e terapie s\u00fa zameran\u00e9 na fyzioterapiu, soci\u00e1lnu pr\u00e1cu a psychologick\u00fa podporu. V centre p\u00f4sob\u00ed odborn\u00fd t\u00edm tr\u00e9nerov, pedag\u00f3gov, fyzioterapeutov, soci\u00e1lnych pracovn\u00edkov ,zdravotn\u00fdch z\u00e1chran\u00e1rov. Centrum m\u00e1 priestory &hellip; <\/p>\n","protected":false},"author":2,"featured_media":0,"parent":0,"menu_order":0,"comment_status":"closed","ping_status":"closed","template":"","meta":{"footnotes":""},"class_list":["post-433","page","type-page","status-publish","hentry"],"_links":{"self":[{"href":"https:\/\/www.saaterapie.eu\/index.php\/wp-json\/wp\/v2\/pages\/433","targetHints":{"allow":["GET"]}}],"collection":[{"href":"https:\/\/www.saaterapie.eu\/index.php\/wp-json\/wp\/v2\/pages"}],"about":[{"href":"https:\/\/www.saaterapie.eu\/index.php\/wp-json\/wp\/v2\/types\/page"}],"author":[{"embeddable":true,"href":"https:\/\/www.saaterapie.eu\/index.php\/wp-json\/wp\/v2\/users\/2"}],"replies":[{"embeddable":true,"href":"https:\/\/www.saaterapie.eu\/index.php\/wp-json\/wp\/v2\/comments?post=433"}],"version-history":[{"count":7,"href":"https:\/\/www.saaterapie.eu\/index.php\/wp-json\/wp\/v2\/pages\/433\/revisions"}],"predecessor-version":[{"id":445,"href":"https:\/\/www.saaterapie.eu\/index.php\/wp-json\/wp\/v2\/pages\/433\/revisions\/445"}],"wp:attachment":[{"href":"https:\/\/www.saaterapie.eu\/index.php\/wp-json\/wp\/v2\/media?parent=433"}],"curies":[{"name":"wp","href":"https:\/\/api.w.org\/{rel}","templated":true}]}}